{"id":65,"date":"2019-11-07T14:29:37","date_gmt":"2019-11-07T13:29:37","guid":{"rendered":"https:\/\/wczasy.flt.krasnik.pl\/?page_id=65"},"modified":"2019-11-28T11:50:08","modified_gmt":"2019-11-28T10:50:08","slug":"osrodek-uniescie","status":"publish","type":"page","link":"https:\/\/wczasy.flt.krasnik.pl\/?page_id=65","title":{"rendered":"O\u015brodek Mielno"},"content":{"rendered":"<figure class=\"wp-block-image\">\n<table style=\"border-color: #f2eded; background-color: #f2eded;\">\n<tbody>\n<tr>\n<td style=\"border-color: #f2eded; background-color: #f2eded;\"><img loading=\"lazy\" decoding=\"async\" class=\"alignnone size-medium wp-image-546\" src=\"https:\/\/wczasy.flt.krasnik.pl\/wp-content\/uploads\/2019\/11\/PBF0054-300x200.jpg\" alt=\"\" width=\"300\" height=\"200\" srcset=\"https:\/\/wczasy.flt.krasnik.pl\/wp-content\/uploads\/2019\/11\/PBF0054-300x200.jpg 300w, https:\/\/wczasy.flt.krasnik.pl\/wp-content\/uploads\/2019\/11\/PBF0054-1024x683.jpg 1024w, https:\/\/wczasy.flt.krasnik.pl\/wp-content\/uploads\/2019\/11\/PBF0054-768x512.jpg 768w, https:\/\/wczasy.flt.krasnik.pl\/wp-content\/uploads\/2019\/11\/PBF0054-1536x1024.jpg 1536w, https:\/\/wczasy.flt.krasnik.pl\/wp-content\/uploads\/2019\/11\/PBF0054-2048x1365.jpg 2048w, https:\/\/wczasy.flt.krasnik.pl\/wp-content\/uploads\/2019\/11\/PBF0054-500x333.jpg 500w, https:\/\/wczasy.flt.krasnik.pl\/wp-content\/uploads\/2019\/11\/PBF0054-800x533.jpg 800w, https:\/\/wczasy.flt.krasnik.pl\/wp-content\/uploads\/2019\/11\/PBF0054-1280x853.jpg 1280w, https:\/\/wczasy.flt.krasnik.pl\/wp-content\/uploads\/2019\/11\/PBF0054-1920x1280.jpg 1920w\" sizes=\"auto, (max-width: 300px) 100vw, 300px\" \/><\/td>\n<td style=\"border-color: #f2eded; background-color: #f2eded;\">\n<pre style=\"text-align: left; padding-left: 40px;\"><span style=\"font-family: arial, helvetica, sans-serif;\"><strong><span style=\"font-size: 16pt;\">           O\u015brodek wczasowy w Mielnie<\/span>\u00a0<\/strong><\/span>\r\n\r\n<span style=\"font-family: arial, helvetica, sans-serif;\">O\u015brodek po\u0142o\u017cony jest 300 m od morza i 200 m od jeziora Jamno. <\/span>\r\n<span style=\"font-family: arial, helvetica, sans-serif;\">Dysponujemy pokojami 1, 2 i 3 osobowymi z \u0142azienkami i bez \u0142azienek. <\/span>\r\n<span style=\"font-family: arial, helvetica, sans-serif;\">Na terenie O\u015brodka znajduje si\u0119 miejsce do grillowania oraz parking. <\/span>\r\n<span style=\"font-family: arial, helvetica, sans-serif;\">Wy\u017cywienie we w\u0142asnym zakresie lub w sto\u0142\u00f3wkach w pobli\u017cu o\u015brodka.<\/span><\/pre>\n<\/td>\n<td style=\"border-color: #f2eded; background-color: #f2eded;\">\n<pre><img loading=\"lazy\" decoding=\"async\" class=\"alignnone size-medium wp-image-562\" src=\"https:\/\/wczasy.flt.krasnik.pl\/wp-content\/uploads\/2019\/11\/PBF-okolica0021-300x200.jpg\" alt=\"\" width=\"300\" height=\"200\" srcset=\"https:\/\/wczasy.flt.krasnik.pl\/wp-content\/uploads\/2019\/11\/PBF-okolica0021-300x200.jpg 300w, https:\/\/wczasy.flt.krasnik.pl\/wp-content\/uploads\/2019\/11\/PBF-okolica0021-1024x683.jpg 1024w, https:\/\/wczasy.flt.krasnik.pl\/wp-content\/uploads\/2019\/11\/PBF-okolica0021-768x512.jpg 768w, https:\/\/wczasy.flt.krasnik.pl\/wp-content\/uploads\/2019\/11\/PBF-okolica0021-1536x1024.jpg 1536w, https:\/\/wczasy.flt.krasnik.pl\/wp-content\/uploads\/2019\/11\/PBF-okolica0021-2048x1365.jpg 2048w, https:\/\/wczasy.flt.krasnik.pl\/wp-content\/uploads\/2019\/11\/PBF-okolica0021-500x333.jpg 500w, https:\/\/wczasy.flt.krasnik.pl\/wp-content\/uploads\/2019\/11\/PBF-okolica0021-800x533.jpg 800w, https:\/\/wczasy.flt.krasnik.pl\/wp-content\/uploads\/2019\/11\/PBF-okolica0021-1280x853.jpg 1280w, https:\/\/wczasy.flt.krasnik.pl\/wp-content\/uploads\/2019\/11\/PBF-okolica0021-1920x1280.jpg 1920w\" sizes=\"auto, (max-width: 300px) 100vw, 300px\" \/><\/pre>\n<\/td>\n<\/tr>\n<\/tbody>\n<\/table><figcaption><\/figcaption><\/figure>\n","protected":false},"excerpt":{"rendered":"<p>O\u015brodek wczasowy w Mielnie\u00a0 O\u015brodek po\u0142o\u017cony jest 300 m od morza i 200 m od jeziora Jamno. Dysponujemy pokojami 1, 2 i 3 osobowymi z \u0142azienkami i bez \u0142azienek. Na terenie O\u015brodka znajduje si\u0119 miejsce do grillowania oraz parking. Wy\u017cywienie we w\u0142asnym zakresie lub w sto\u0142\u00f3wkach w pobli\u017cu o\u015brodka.<\/p>\n","protected":false},"author":3,"featured_media":0,"parent":0,"menu_order":0,"comment_status":"closed","ping_status":"closed","template":"","meta":{"footnotes":""},"class_list":["post-65","page","type-page","status-publish","hentry"],"yoast_head":"<!-- This site is optimized with the Yoast SEO plugin v27.4 - https:\/\/yoast.com\/product\/yoast-seo-wordpress\/ -->\n<title>O\u015brodek Mielno - O\u015brodki wczasowe<\/title>\n<meta name=\"robots\" content=\"index, follow, max-snippet:-1, max-image-preview:large, max-video-preview:-1\" \/>\n<link rel=\"canonical\" href=\"https:\/\/wczasy.flt.krasnik.pl\/?page_id=65\" \/>\n<meta property=\"og:locale\" content=\"pl_PL\" \/>\n<meta property=\"og:type\" content=\"article\" \/>\n<meta property=\"og:title\" content=\"O\u015brodek Mielno - O\u015brodki wczasowe\" \/>\n<meta property=\"og:description\" content=\"O\u015brodek wczasowy w Mielnie\u00a0 O\u015brodek po\u0142o\u017cony jest 300 m od morza i 200 m od jeziora Jamno. Dysponujemy pokojami 1, 2 i 3 osobowymi z \u0142azienkami i bez \u0142azienek. Na terenie O\u015brodka znajduje si\u0119 miejsce do grillowania oraz parking. Wy\u017cywienie we w\u0142asnym zakresie lub w sto\u0142\u00f3wkach w pobli\u017cu o\u015brodka.\" \/>\n<meta property=\"og:url\" content=\"https:\/\/wczasy.flt.krasnik.pl\/?page_id=65\" \/>\n<meta property=\"og:site_name\" content=\"O\u015brodki wczasowe\" \/>\n<meta property=\"article:publisher\" content=\"https:\/\/www.facebook.com\/people\/FT-Kranik-SA\/100063997297542\/#\" \/>\n<meta property=\"article:modified_time\" content=\"2019-11-28T10:50:08+00:00\" \/>\n<meta property=\"og:image\" content=\"https:\/\/wczasy.flt.krasnik.pl\/wp-content\/uploads\/2019\/11\/PBF0054.jpg\" \/>\n\t<meta property=\"og:image:width\" content=\"2400\" \/>\n\t<meta property=\"og:image:height\" content=\"1600\" \/>\n\t<meta property=\"og:image:type\" content=\"image\/jpeg\" \/>\n<meta name=\"twitter:card\" content=\"summary_large_image\" \/>\n<script type=\"application\/ld+json\" class=\"yoast-schema-graph\">{\"@context\":\"https:\\\/\\\/schema.org\",\"@graph\":[{\"@type\":\"WebPage\",\"@id\":\"https:\\\/\\\/wczasy.flt.krasnik.pl\\\/?page_id=65\",\"url\":\"https:\\\/\\\/wczasy.flt.krasnik.pl\\\/?page_id=65\",\"name\":\"O\u015brodek Mielno - O\u015brodki wczasowe\",\"isPartOf\":{\"@id\":\"https:\\\/\\\/wczasy.flt.krasnik.pl\\\/#website\"},\"primaryImageOfPage\":{\"@id\":\"https:\\\/\\\/wczasy.flt.krasnik.pl\\\/?page_id=65#primaryimage\"},\"image\":{\"@id\":\"https:\\\/\\\/wczasy.flt.krasnik.pl\\\/?page_id=65#primaryimage\"},\"thumbnailUrl\":\"https:\\\/\\\/wczasy.flt.krasnik.pl\\\/wp-content\\\/uploads\\\/2019\\\/11\\\/PBF0054-300x200.jpg\",\"datePublished\":\"2019-11-07T13:29:37+00:00\",\"dateModified\":\"2019-11-28T10:50:08+00:00\",\"breadcrumb\":{\"@id\":\"https:\\\/\\\/wczasy.flt.krasnik.pl\\\/?page_id=65#breadcrumb\"},\"inLanguage\":\"pl-PL\",\"potentialAction\":[{\"@type\":\"ReadAction\",\"target\":[\"https:\\\/\\\/wczasy.flt.krasnik.pl\\\/?page_id=65\"]}]},{\"@type\":\"ImageObject\",\"inLanguage\":\"pl-PL\",\"@id\":\"https:\\\/\\\/wczasy.flt.krasnik.pl\\\/?page_id=65#primaryimage\",\"url\":\"https:\\\/\\\/wczasy.flt.krasnik.pl\\\/wp-content\\\/uploads\\\/2019\\\/11\\\/PBF0054.jpg\",\"contentUrl\":\"https:\\\/\\\/wczasy.flt.krasnik.pl\\\/wp-content\\\/uploads\\\/2019\\\/11\\\/PBF0054.jpg\",\"width\":2400,\"height\":1600},{\"@type\":\"BreadcrumbList\",\"@id\":\"https:\\\/\\\/wczasy.flt.krasnik.pl\\\/?page_id=65#breadcrumb\",\"itemListElement\":[{\"@type\":\"ListItem\",\"position\":1,\"name\":\"Strona g\u0142\u00f3wna\",\"item\":\"https:\\\/\\\/wczasy.flt.krasnik.pl\\\/\"},{\"@type\":\"ListItem\",\"position\":2,\"name\":\"O\u015brodek Mielno\"}]},{\"@type\":\"WebSite\",\"@id\":\"https:\\\/\\\/wczasy.flt.krasnik.pl\\\/#website\",\"url\":\"https:\\\/\\\/wczasy.flt.krasnik.pl\\\/\",\"name\":\"O\u015brodki wczasowe\",\"description\":\"F\u0141T - Kra\u015bnik S.A.\",\"publisher\":{\"@id\":\"https:\\\/\\\/wczasy.flt.krasnik.pl\\\/#organization\"},\"potentialAction\":[{\"@type\":\"SearchAction\",\"target\":{\"@type\":\"EntryPoint\",\"urlTemplate\":\"https:\\\/\\\/wczasy.flt.krasnik.pl\\\/?s={search_term_string}\"},\"query-input\":{\"@type\":\"PropertyValueSpecification\",\"valueRequired\":true,\"valueName\":\"search_term_string\"}}],\"inLanguage\":\"pl-PL\"},{\"@type\":\"Organization\",\"@id\":\"https:\\\/\\\/wczasy.flt.krasnik.pl\\\/#organization\",\"name\":\"Fabryka \u0141o\u017cysk Tocznych - Kra\u015bnik SA\",\"url\":\"https:\\\/\\\/wczasy.flt.krasnik.pl\\\/\",\"logo\":{\"@type\":\"ImageObject\",\"inLanguage\":\"pl-PL\",\"@id\":\"https:\\\/\\\/wczasy.flt.krasnik.pl\\\/#\\\/schema\\\/logo\\\/image\\\/\",\"url\":\"https:\\\/\\\/wczasy.flt.krasnik.pl\\\/wp-content\\\/uploads\\\/2019\\\/11\\\/cropped-logo2.jpg\",\"contentUrl\":\"https:\\\/\\\/wczasy.flt.krasnik.pl\\\/wp-content\\\/uploads\\\/2019\\\/11\\\/cropped-logo2.jpg\",\"width\":282,\"height\":282,\"caption\":\"Fabryka \u0141o\u017cysk Tocznych - Kra\u015bnik SA\"},\"image\":{\"@id\":\"https:\\\/\\\/wczasy.flt.krasnik.pl\\\/#\\\/schema\\\/logo\\\/image\\\/\"},\"sameAs\":[\"https:\\\/\\\/www.facebook.com\\\/people\\\/FT-Kranik-SA\\\/100063997297542\\\/#\"]}]}<\/script>\n<!-- \/ Yoast SEO plugin. -->","yoast_head_json":{"title":"O\u015brodek Mielno - O\u015brodki wczasowe","robots":{"index":"index","follow":"follow","max-snippet":"max-snippet:-1","max-image-preview":"max-image-preview:large","max-video-preview":"max-video-preview:-1"},"canonical":"https:\/\/wczasy.flt.krasnik.pl\/?page_id=65","og_locale":"pl_PL","og_type":"article","og_title":"O\u015brodek Mielno - O\u015brodki wczasowe","og_description":"O\u015brodek wczasowy w Mielnie\u00a0 O\u015brodek po\u0142o\u017cony jest 300 m od morza i 200 m od jeziora Jamno. Dysponujemy pokojami 1, 2 i 3 osobowymi z \u0142azienkami i bez \u0142azienek. Na terenie O\u015brodka znajduje si\u0119 miejsce do grillowania oraz parking. Wy\u017cywienie we w\u0142asnym zakresie lub w sto\u0142\u00f3wkach w pobli\u017cu o\u015brodka.","og_url":"https:\/\/wczasy.flt.krasnik.pl\/?page_id=65","og_site_name":"O\u015brodki wczasowe","article_publisher":"https:\/\/www.facebook.com\/people\/FT-Kranik-SA\/100063997297542\/#","article_modified_time":"2019-11-28T10:50:08+00:00","og_image":[{"width":2400,"height":1600,"url":"https:\/\/wczasy.flt.krasnik.pl\/wp-content\/uploads\/2019\/11\/PBF0054.jpg","type":"image\/jpeg"}],"twitter_card":"summary_large_image","schema":{"@context":"https:\/\/schema.org","@graph":[{"@type":"WebPage","@id":"https:\/\/wczasy.flt.krasnik.pl\/?page_id=65","url":"https:\/\/wczasy.flt.krasnik.pl\/?page_id=65","name":"O\u015brodek Mielno - O\u015brodki wczasowe","isPartOf":{"@id":"https:\/\/wczasy.flt.krasnik.pl\/#website"},"primaryImageOfPage":{"@id":"https:\/\/wczasy.flt.krasnik.pl\/?page_id=65#primaryimage"},"image":{"@id":"https:\/\/wczasy.flt.krasnik.pl\/?page_id=65#primaryimage"},"thumbnailUrl":"https:\/\/wczasy.flt.krasnik.pl\/wp-content\/uploads\/2019\/11\/PBF0054-300x200.jpg","datePublished":"2019-11-07T13:29:37+00:00","dateModified":"2019-11-28T10:50:08+00:00","breadcrumb":{"@id":"https:\/\/wczasy.flt.krasnik.pl\/?page_id=65#breadcrumb"},"inLanguage":"pl-PL","potentialAction":[{"@type":"ReadAction","target":["https:\/\/wczasy.flt.krasnik.pl\/?page_id=65"]}]},{"@type":"ImageObject","inLanguage":"pl-PL","@id":"https:\/\/wczasy.flt.krasnik.pl\/?page_id=65#primaryimage","url":"https:\/\/wczasy.flt.krasnik.pl\/wp-content\/uploads\/2019\/11\/PBF0054.jpg","contentUrl":"https:\/\/wczasy.flt.krasnik.pl\/wp-content\/uploads\/2019\/11\/PBF0054.jpg","width":2400,"height":1600},{"@type":"BreadcrumbList","@id":"https:\/\/wczasy.flt.krasnik.pl\/?page_id=65#breadcrumb","itemListElement":[{"@type":"ListItem","position":1,"name":"Strona g\u0142\u00f3wna","item":"https:\/\/wczasy.flt.krasnik.pl\/"},{"@type":"ListItem","position":2,"name":"O\u015brodek Mielno"}]},{"@type":"WebSite","@id":"https:\/\/wczasy.flt.krasnik.pl\/#website","url":"https:\/\/wczasy.flt.krasnik.pl\/","name":"O\u015brodki wczasowe","description":"F\u0141T - Kra\u015bnik S.A.","publisher":{"@id":"https:\/\/wczasy.flt.krasnik.pl\/#organization"},"potentialAction":[{"@type":"SearchAction","target":{"@type":"EntryPoint","urlTemplate":"https:\/\/wczasy.flt.krasnik.pl\/?s={search_term_string}"},"query-input":{"@type":"PropertyValueSpecification","valueRequired":true,"valueName":"search_term_string"}}],"inLanguage":"pl-PL"},{"@type":"Organization","@id":"https:\/\/wczasy.flt.krasnik.pl\/#organization","name":"Fabryka \u0141o\u017cysk Tocznych - Kra\u015bnik SA","url":"https:\/\/wczasy.flt.krasnik.pl\/","logo":{"@type":"ImageObject","inLanguage":"pl-PL","@id":"https:\/\/wczasy.flt.krasnik.pl\/#\/schema\/logo\/image\/","url":"https:\/\/wczasy.flt.krasnik.pl\/wp-content\/uploads\/2019\/11\/cropped-logo2.jpg","contentUrl":"https:\/\/wczasy.flt.krasnik.pl\/wp-content\/uploads\/2019\/11\/cropped-logo2.jpg","width":282,"height":282,"caption":"Fabryka \u0141o\u017cysk Tocznych - Kra\u015bnik SA"},"image":{"@id":"https:\/\/wczasy.flt.krasnik.pl\/#\/schema\/logo\/image\/"},"sameAs":["https:\/\/www.facebook.com\/people\/FT-Kranik-SA\/100063997297542\/#"]}]}},"_links":{"self":[{"href":"https:\/\/wczasy.flt.krasnik.pl\/index.php?rest_route=\/wp\/v2\/pages\/65","targetHints":{"allow":["GET"]}}],"collection":[{"href":"https:\/\/wczasy.flt.krasnik.pl\/index.php?rest_route=\/wp\/v2\/pages"}],"about":[{"href":"https:\/\/wczasy.flt.krasnik.pl\/index.php?rest_route=\/wp\/v2\/types\/page"}],"author":[{"embeddable":true,"href":"https:\/\/wczasy.flt.krasnik.pl\/index.php?rest_route=\/wp\/v2\/users\/3"}],"replies":[{"embeddable":true,"href":"https:\/\/wczasy.flt.krasnik.pl\/index.php?rest_route=%2Fwp%2Fv2%2Fcomments&post=65"}],"version-history":[{"count":18,"href":"https:\/\/wczasy.flt.krasnik.pl\/index.php?rest_route=\/wp\/v2\/pages\/65\/revisions"}],"predecessor-version":[{"id":589,"href":"https:\/\/wczasy.flt.krasnik.pl\/index.php?rest_route=\/wp\/v2\/pages\/65\/revisions\/589"}],"wp:attachment":[{"href":"https:\/\/wczasy.flt.krasnik.pl\/index.php?rest_route=%2Fwp%2Fv2%2Fmedia&parent=65"}],"curies":[{"name":"wp","href":"https:\/\/api.w.org\/{rel}","templated":true}]}}